(11). Suppose -10*j + 247 = -o. Is j composite?
False
Let d(m) = -m**2 + 8*m - 22. Let u be d(-15). Let p = 120 - u. Is p composite?
False
Let l(u) = 1343*u - 443. Is l(8) a composite number?
False
Let i(o) = 379*o - 110. Is i(7) a prime number?
True
Let x(r) = 14*r**2 - 9*r - 1. Let m be 22/121 - 68/11. Is x(m) composite?
False
Suppose -618 = -3*s + s. Let j(z) = -2*z + 0*z + s + 2*z - 2*z. Is j(0) a prime number?
False
Let f(n) = 518*n**2 - 1. Let b be f(4). Suppose -2818 = -5*u + b. Is u a composite number?
False
Suppose -12801 = -71*n + 68*n. Is n a composite number?
True
Is (-410)/(-20)*1*46 a composite number?
True
Let z = 18347 + -10632. Is z composite?
True
Let f(d) = d**2 - 12*d + 9311. Is f(0) composite?
False
Suppose 0 = -2*n + 4, 4*t = -0*t + 3*n - 14. Is t - 4/4 - -374 a composite number?
True
Suppose -2*c = -4*k + 91218, -2*c + 2 = -8. Is k composite?
False
Let b(g) = -60*g**3 - 10*g**2 - 3*g + 4. Let r = -39 + 36. Is b(r) composite?
False
Suppose 1057 = 2*j + 5*j. Let a = 1568 - j. Is a a prime number?
False
Suppose -276*c = -257*c - 199823. Is c a composite number?
True
Let c = 5236 - 3029. Is c a prime number?
True
Let p = -13 + 13. Suppose 2*y = -5*l + 867 - p, 0 = 5*y + l - 2225. Is y a prime number?
False
Suppose 2*z - j = -5*j + 58, -5*z + j + 156 = 0. Is z composite?
False
Let p = -1082 - 1370. Let d = p + 3495. Is d a composite number?
True
Let c(z) = z**3 + 19*z**2 - 8*z - 22. Suppose 8 - 29 = g. Let b be c(g). Let q = b + 1279. Is q composite?
True
Suppose -11*y + 28 = -15*y. Let w(h) = h**3 + 6*h**2 - 8*h - 5. Let n be w(y). Suppose -n*d + 4*d = 662. Is d prime?
True
Let o(g) = 5*g**3 - 2*g**2 + 12*g - 2. Let h(j) = 6*j**3 - j**2 + 12*j - 1. Suppose 0 = -2*u + 8 + 2. Let i(x) = u*o(x) - 4*h(x). Is i(7) a composite number?
False
Let h(w) = w**2 - 3*w - 16. Let v be h(6). Suppose -3*m - 19145 = -5*a + 2*m, v*a - 7654 = 3*m. Is a prime?
True
Let o be 0*((-8)/(-36))/((-6)/(-9)). Suppose 2*n + 23 - 313 = o. Is n a prime number?
False
Let a(l) = -2 + 3 - 4 + l. Let v be a(4). Is v/((-2)/(-757 - 1)) a prime number?
True
Let w be (892 - 9) + (1 - 0). Suppose -w = -l - l. Let y = l + 79. Is y a composite number?
False
Let q = 2458 + -2079. Is q prime?
True
Let a(i) = 100*i**2 - 56*i - 31. Is a(-10) a composite number?
False
Let q = 63 - 26. Let t = 44 - q. Is t prime?
True
Suppose -2*j = 4*d - 6, 0*d - 5*d = -5*j - 15. Let w be (1 - 1)*1/d. Suppose w*s = -s + 226. Is s prime?
False
Let r = -11 + 9. Let h(g) = -257*g**3 - g**2 + g + 3. Is h(r) a prime number?
True
Suppose -3*g = -5*r + 19, 2*r - 5*r - 9 = 5*g. Is (-4)/r*5903*(-8)/16 composite?
False
Suppose -2*i = -4 + 12. Let k be (-2)/4 + i/(-8). Suppose -4*s + 44 + 160 = k. Is s prime?
False
Let b(o) = o**3 + o**2 + 6. Let w be b(0). Suppose -w*d + d = x - 40, 5*x = 3*d + 172. Is x a prime number?
False
Let p = 18 - 19. Let r be (20/(-8))/(p/2). Suppose -5*h - 176 - 29 = -r*d, 0 = 5*d - 3*h - 197. Is d prime?
True
Is ((-31932)/24)/(((-3)/(-2))/(-1)) a composite number?
False
Let b = -5 + 7. Suppose 378 = -b*v + 3*v. Suppose -501 - v = -3*g. Is g a composite number?
False
Let v be (-4)/(-12)*3*791. Let p be 10*(9/(-5) + 2). Suppose -c + p*c = v. Is c composite?
True
Let g(w) = w**3 - 35*w**2 - 16*w + 67. Is g(38) a prime number?
False
Suppose -3*u + 0*u - 2 = -4*f, -4*u = -4*f. Suppose u*j = -j + 6. Suppose o + 950 = 5*v, j*v = -o + 230 + 157. Is v a composite number?
False
Suppose 3*s - 36 = 6*s. Let w = s - -15. Suppose -w*b + 8*b = 20. Is b prime?
False
Suppose 3*j - 7 = 14. Let n(o) = -o + 5. Let d be n(j). Let t(r) = -8*r + 3. Is t(d) prime?
True
Suppose -2658 = -5*u - 213. Suppose 3*b - u = -3*a, a = -b - 2*a + 167. Suppose 2*p - p = b. Is p prime?
False
Suppose 0 = -9*a + 6*a + 2517. Is a a composite number?
False
Suppose 10*d + 30105 = 471215. Is d a composite number?
False
Suppose 2*w - 56 + 18 = 3*i, 5*i - 2*w + 66 = 0. Let z = i + 163. Is z composite?
False
Let y be -2*(1 - 9/2). Let l = 8 - y. Is (l + 2*45)/1 composite?
True
Suppose -2*w + 10*w = 2*w. Let u be (-2)/(-7) + (-4448)/(-14). Suppose -x + 7*x - u = w. Is x composite?
False
Suppose 0 = 5*u + 2*x - 18, 5*u - x + 6 = 3*x. Suppose -7364 = -2*c - u*c. Is c a prime number?
False
Let k(d) = 8*d**2 - 2*d - 6. Let b be k(-6). Suppose 0 = -2*l + 7*o - 2*o + 162, b = 4*l + 5*o. Let a = l + -18. Is a composite?
True
Suppose 2*g = 3*y + 1, -16 + 5 = -3*g - 5*y. Suppose 2*f - g*z = 14, 10 = -z - z. Is 6/4*f + 68 a prime number?
True
Let k = -93 + -25. Is 30/20*k/(-1) a prime number?
False
Let k = -4 + -22. Is ((-1157)/k)/(1/6) composite?
True
Let l = -42326 - -65883. Is l a composite number?
False
Let v(o) = 62*o - 44. Let y be v(15). Let f = 201 + y. Is f a composite number?
False
Suppose 0 = g - 1 - 6. Suppose 0 = -g*x + x + 222. Is x composite?
False
Let x(t) = 2*t - 1. Let b be x(0). Is b/8 + 5/120*27627 a prime number?
True
Let c(i) = 23*i**2 + 49*i - 39. Let j(v) = 11*v**2 + 25*v - 20. Let t(n) = 3*c(n) - 5*j(n). Is t(-12) a prime number?
False
Let d = -33754 - -76707. Is d a prime number?
True
Suppose -d + 5*d = -u - 24, 0 = 4*u + 2*d + 96. Suppose 0*z - 171 = 3*c - 3*z, -2*z + 176 = -3*c. Is (-3)/u*c*-20 a composite number?
True
Let d(v) be the first derivative of 2*v**2 - 9 + 2/3*v**3 + 9*v. Is d(-7) prime?
True
Let g be 2/(-6) + 10694/6. Let t = g + 553. Is t a prime number?
False
Suppose -7*n + 9488 = 2684. Suppose 5*p - 1247 = -4*k, 22 = 4*p + 5*k - n. Is p prime?
True
Is (27226 - (-1 + 1))/(51 + -49) a composite number?
False
Let w(n) = n - 7. Let a be w(10). Suppose 8*d - a*d + 2*y = 112, -136 = -5*d + 4*y. Suppose -20*k + d*k - 204 = 0. Is k a prime number?
False
Is (-22)/(-77) + (-4)/(140/(-2596185)) a composite number?
False
Let o(f) = 4948*f + 12. Let y be o(6). Suppose -5*k + y = -5*z, z - 5*z + 17785 = 3*k. Is k a prime number?
False
Let i be (-5)/(10/(-56)) - 2. Let y = i - 14. Is y/(-42) + 494/14 prime?
False
Let a = 766 + 10347. Is a prime?
True
Suppose -32 = 4*d + 4*d. Let b(g) = -129*g + 5. Is b(d) prime?
True
Let c = 30 + -26. Suppose -z + c*a + 121 = 2*a, -5*a = 4*z - 549. Is z a prime number?
True
Suppose 5*q = -u - 8, 4 = 5*u + 2*q - 2. Let c(w) = -u - 2*w + 336*w**2 + 4 - 1. Is c(1) a prime number?
False
Suppose -16 = -3*d + d. Suppose d*r = -413 + 3765. Is r prime?
True
Suppose -2*a = -w - 14959, 0*a = -a - 3*w + 7490. Is a prime?
True
Suppose 2*h = h + 4. Suppose 0 = -h*d, d - 573 = -3*f - 4*d. Is f composite?
False
Suppose 4 - 6 = s, -s + 5 = -c. Let h be 5 + c + 13 + -1. Is 2635/h - (-1)/(-2) a prime number?
True
Let b(i) = -11 + 0*i + 2*i + 8 + 19. Let g be b(-7). Suppose -72 = -g*f + 86. Is f a prime number?
True
Let g(r) = r**2 - 11*r + 17. Let w be g(10). Suppose w*a + 184 = 1185. Is a composite?
True
Let n be (-28)/20 + 6/(-10). Let i = 7 + n. Suppose 60 = i*u - 35. Is u prime?
True
Is 0 + 3 + -29 + 919 a prime number?
False
Suppose -n = 3*g - 20636, -g = -28*n + 31*n - 61884. Is n prime?
True
Let v be 152/(-5) + -1 + (-30)/(-75). Is (v - -212)*(-13 + -1)/(-2) a composite number?
True
Let i(z) be the second derivative of 41*z**4/6 + z**3/6 + 3*z**2/2 + 29*z. Is i(4) composite?
False
Let a be 115/46 - (-1)/2. Suppose -4*o + o + 2526 = a*g, 0 = -4*o + 3*g + 3340. Is o composite?
True
Let h(f) = 11*f**2 - 3*f - 1. Let c(l) = -22*l**2 + 6*l + 1. Let w(q) = 6*c(q) + 13*h(q). Let d be (-3 - -3)/3 - -5. Is w(d) a composite number?
True
Let k = 83 + -76. Let h(y) = -y**3 - 2*y**2 + 9*y + 7. Let d(v) = -2*v**3 - 3*v**2 + 18*v + 13. Let r(o) = -6*d(o) + 11*h(o). Is r(k) a prime number?
True
Let q = 4016 - 2745. Suppose 0 = -3*w + 4*u + 1879, -3*u = 2*w - 2*u - q. Is w composite?
True
Let d(h) = -20*h + 1. Let l be d(2). Let k be (1*-1)/(30/(-30)). Is (-1 - 2) + (k - l) a prime number?
True
Suppose w + 10 = -0. Let d = w - -12. Is d/4*-8 + 205 prime?
False
Let t = 218 - 405. Let b = t - -444. Is b a composite number?
False
Suppose -9*w + 14941 = 3646. Is w composite?
True
Let a(q) = 3*q + 3 - 4*q + 41. Let m be a(0). Let n = m - -99. Is n a prime number?
False
Suppose -5*m - 35 = -2*m - 5*a, 3*a = -5*m - 13. Is m/((-30)/(-306))*109/(-3) prime?
False
Suppose -10575 = 3*o + 3*v - 49194, -12889 = -o - 5*v. Is o a composite number?
True
Is (-14 - -12)*2*40646/(-8) a prime number?
True
Let